(d) - 2*x(d). Determine f(-6).
-10
Let r(j) be the second derivative of -j**3/6 - 5*j**2/2 - 2*j. Give r(5).
-10
Let f(s) = s**2 + 12*s + 2. Let i be (32 + (-104)/13)*(-2)/4. What is f(i)?
2
Suppose -10*f + 16*f = 54. Let g(b) = b**3 - 10*b**2 + 8*b + 15. Calculate g(f).
6
Let f(t) = -t**3 + t**2 - 3*t + 3*t + 4. Let k(n) = -15*n - 102. Let g be k(-7). Calculate f(g).
-14
Let a(t) = -4*t + 15. Let h be 85/17*6/10. Calculate a(h).
3
Let c(o) = 5*o - 6*o - 7*o**2 + 2*o**2 + o**2. Determine c(-1).
-3
Let h(n) = -2*n - 1 - 7 + 7 - 8. Determine h(-5).
1
Let o(w) be the second derivative of 0 - w**2 + 2*w - 1/6*w**3 + 1/12*w**4. Suppose 0 = 13*k - 2*k. Give o(k).
-2
Suppose -28 = 2*k - 30. Let v(a) = -15*a - 1. What is v(k)?
-16
Let p(c) = -c**2 - 7*c - 7. Let n = -308 + 301. Calculate p(n).
-7
Let g(q) be the first derivative of -q**4/12 + q**3/6 - q**2/2 - 8*q - 3. Let x(a) be the first derivative of g(a). Determine x(2).
-3
Suppose -50 = 15*l + 25. Let a(s) be the second derivative of 0 + 4*s + 1/6*s**3 + s**2. Determine a(l).
-3
Let w(s) be the third derivative of 0 + 2/3*s**3 + s**2 + 2*s - 1/12*s**4. Determine w(8).
-12
Let r(l) be the first derivative of -l**5/120 + 13*l**3/3 + 19. Let z(u) be the third derivative of r(u). Determine z(3).
-3
Let f(m) = -1. Let d(p) = -9 + p + 12 + p. Let n(h) = -d(h) - 4*f(h). Suppose 31 = -8*r + 7. Give n(r).
7
Suppose 160 = -28*i - 204. Let r(v) = -6*v - 85. Determine r(i).
-7
Suppose -34 = -2*u - 5*a, 4*a - 30 = u - 3*u. Let b(s) = s + 3*s + u*s - 14*s. Calculate b(4).
-12
Let d(v) = v**2 + 6*v + 1. Suppose -2*i = 9*i + 88. Let w be -1 - (-3)/(-1) - i/(-8). Determine d(w).
-4
Let n(m) = -m**2 + m - 9. Let v = -208 - -208. Determine n(v).
-9
Let s(f) be the first derivative of f**2 - 15*f - 106. Calculate s(8).
1
Let z(p) = -2*p**3. Let d(v) = 8*v - 3. Let b be d(-5). Let m = 42 + b. What is z(m)?
2
Let g = -74 + 78. Let m(u) be the third derivative of u**7/5040 - u**6/180 + u**5/60 - 4*u**2. Let p(i) be the third derivative of m(i). Calculate p(g).
0
Let o(s) = s + 2. Suppose 3*f - q + 15 = -4*q, 3*f = 2*q - 20. What is o(f)?
-4
Let n(o) = -8*o + 7. Let i(d) = -5*d + 6. Let f(k) = -3*i(k) + 2*n(k). Determine f(-11).
7
Let w(u) = 56*u + 108. Let d be w(-2). Let j(l) = 7*l + 1. Let g(f) = 15*f + 1. Let o(z) = -4*g(z) + 9*j(z). What is o(d)?
-7
Let x = 27 - 25. Let h(w) = 3 + 14*w**x - 5*w - 4*w**2 - 7*w**2 - 4*w**2. Let d(m) = -2*m**2 + 4*m. Let i be d(3). Determine h(i).
-3
Let t(w) = w**2 + 8*w - 7. Let a be t(-9). Let l be a/(-3)*3*-5. Suppose 3*n - l + 4 = 0. Let v(f) = f**2. Determine v(n).
4
Let t(d) = -d**3 + 6*d**2 + 3*d - 11. Let j = -18 + 24. What is t(j)?
7
Let o(r) be the third derivative of -r**5/60 + r**4/6 - r**3/3 - 22*r**2 + 2*r. What is o(3)?
1
Let o be (-48)/16*4/(-6). Let r(n) = -2 + o - 5*n. Let d(f) = -f**3 + 10*f**2 - 10*f + 11. Let i be d(9). Calculate r(i).
-10
Let k(c) be the first derivative of -c**3/3 + 6*c**2 + 9*c + 192. What is k(9)?
36
Let m(h) be the third derivative of h**6/120 + h**5/30 - h**4/12 - h**3/2 - 8*h**2 + 2. Give m(-2).
1
Suppose 4*r - u + 0 + 10 = 0, -5*r + 2*u - 14 = 0. Let y(t) = -2*t**2 - t + 1. Determine y(r).
-5
Let h(t) = -t + 0 - 1 + 7*t. Let z be (-1 - 0)*16/(-11 - 5). Determine h(z).
5
Let j(i) be the third derivative of 3*i**4/8 - 2*i**2 + 2*i. Give j(3).
27
Suppose -12*t = -15*t + 9. Let q be -1*(t - 4 - -3). Let n(j) be the second derivative of j**3/6 - 2*j. Calculate n(q).
-2
Let s(f) = 2*f**3 + 8*f**2 - 6*f - 4. Let n be s(-4). Suppose -5*x + n = 0, -u + 4*x = 3 + 10. Let l(k) = k - 2. What is l(u)?
1
Let r(n) be the second derivative of -n**5/120 + n**4/6 - 13*n**3/6 + 12*n. Let q(u) be the second derivative of r(u). What is q(8)?
-4
Let r(v) = v**2 + 11*v + 12. Let a(m) = m**2 - 16*m - 21. Let u be a(17). Let d be -7 + u + (-1)/(-1). Calculate r(d).
2
Let y = 25 + -14. Let u = 17 - y. Let g(d) = -d**3 + 7*d**2 - 4*d - 1. Determine g(u).
11
Suppose 0*m - 4 = -4*l - 2*m, 12 = 3*m. Let x be (-3 - 4/(-4)) + 2 + l. Let f(s) = 8*s**3 - 1. Calculate f(x).
-9
Let f(j) = 7*j**3 - 5*j**2 + 5. Let a(b) = b**3. Let h(q) = 6*a(q) - f(q). Suppose 62*p = 15 + 295. Calculate h(p).
-5
Let t(c) be the third derivative of -c**4 - c**3/3 + 93*c**2 - 1. What is t(1)?
-26
Let g(h) = h**2 - 3*h. Let t(x) = -4*x + 49. Let y be t(11). Suppose v + y*s - 4*s = 7, -s = 3*v - 17. Determine g(v).
10
Let l(y) = -y**3 + 3*y**2 - 3*y - 3. Let q(b) be the third derivative of b**6/120 + b**5/5 - b**4/12 - 7*b**3/2 - 16*b**2. Let t be q(-12). Calculate l(t).
-12
Let m = -128 - -112. Let q(o) be the second derivative of o**4/12 + 5*o**3/2 - 13*o**2/2 - o. Let f be q(m). Let r(p) = 2*p + 4. Calculate r(f).
10
Let m(i) = -i**3 - 3*i**2 - 4*i - 2. Let o be 3/9*9*16/(-24). What is m(o)?
2
Let w(h) = h**3 - h - 13. Let r(u) = -23*u + 690. Let m be r(30). Determine w(m).
-13
Let y(d) = -d + 12. Let p(u) = -5*u - 54. Let t be p(-12). What is y(t)?
6
Let p(o) be the first derivative of 1/2*o**2 + 2 - 6*o. Let g = -325 - -331. Give p(g).
0
Let d(j) = -38*j - 18. Let p(z) = 8*z + 4. Let u(q) = -3*d(q) - 14*p(q). Let b(n) = n. Let f be b(-2). Give u(f).
-6
Let z(s) = s**3 - 3*s**2 - s - 3. Let t(x) = x**2 + 5. Let r be t(-4). Let g be 4/6 - (-49)/r - 0. Determine z(g).
-6
Let r(f) be the first derivative of -5/2*f**2 - 5*f - 1/3*f**3 - 38. Determine r(-5).
-5
Let w(x) = x + 9. Let v be ((-143)/26)/(1/2). What is w(v)?
-2
Let t(h) = 21*h**2 + 4*h. Let q(o) = 8*o**2 + o. Let m(s) = 8*q(s) - 3*t(s). What is m(5)?
5
Let t(h) = 296*h**2 - 3*h + 20 - 19 - 294*h**2. Calculate t(2).
3
Let a(c) = -c**2 + 4*c + 3. Suppose -2*h + 5*z + 6 = 0, 0*z + z + 15 = 5*h. Let j = 0 + h. Suppose 2 = -j*b + b, -b = q - 4. Give a(q).
-2
Let u(a) = -55*a + 3 + 112*a - 60*a. Give u(-5).
18
Let c(i) = i**2 + 7*i - 2. Suppose 3 = -n - 5*j + 7, -18 = 4*n + 3*j. Determine c(n).
-8
Let b(c) = -7*c + 25. Suppose 20 = 2*o - 3*q, -42 = -4*o + 5*q - 6. What is b(o)?
-3
Let d be -3 + ((-14)/(-2) - 2). Let x(p) = 3*p - 5. Determine x(d).
1
Let h(q) = -2*q + 3. Let x be h(4). Let c(k) = 2090*k - 4162*k + 4 + 2073*k. What is c(x)?
-1
Let p(g) be the second derivative of g**4/6 + g**3/3 + 2*g. Suppose -6*v = -14 - 34. Suppose -5*x - 10 = -2*q, -4*x + 0*q - q = v. Give p(x).
4
Let o(g) = 31 + 10*g + 4*g**2 - 6*g**2 + 3*g**2 - 28. What is o(-9)?
-6
Let r be (-3 - 30/(-9))/(3/18). Let c(m) be the first derivative of -r*m + 1/4*m**4 - 12 - 2*m**3 + 1/2*m**2. Calculate c(6).
4
Suppose -10 - 2 = -4*f. Let v = -5 + -2. Let c(g) = g**2 - 6*g - 1. Let h(s) = -2*s**2 + 11*s + 2. Let d(i) = v*c(i) - 4*h(i). Give d(f).
2
Suppose -2*h + 8*h = 18. Suppose h*o + 4 = -o. Let z(c) = 3*c**2 - c**2 + c - 5*c**3 + 20*c**3. Calculate z(o).
-14
Let g(c) = c**3 - 5*c**2 + 3*c. Let f be g(3). Let x be 4/3 + -1*(-12)/f. Let t(u) = -2*u + 3*u - 12 + 0*u. What is t(x)?
-12
Let t(m) = -3*m**3 + m**2 - m - 1. Let b(d) = 5*d**3 + 12*d**2 - 13*d - 15. Let i(c) = -b(c) - 2*t(c). Determine i(13).
43
Let w(y) = y**2 - y + 1. Let c(h) = h - 14. Let v be 1*11 + 0/4. Let z be c(v). Let x = z + 4. What is w(x)?
1
Suppose -5*t + 9 = 4*s, 0 = 5*t - 3 - 2. Let b(y) = 8*y**2 - 1. Calculate b(s).
7
Let l(x) = -x**2 - 11*x + 16. Let y be -3 - 93/(-33) - 1040/88. What is l(y)?
4
Let t(x) = -x - 5. Let g = 94 + -218. Let n = g - -124. What is t(n)?
-5
Let i(o) be the third derivative of -o**5/60 - 12*o**2 + 3. Suppose 2*r - 3 = -3*n, 5*n - 9 = -r - r. Determine i(r).
-9
Let y(n) = -19*n + 33. Let z(w) = 34*w - 34. Let u(d) = 3*y(d) + 2*z(d). Calculate u(-3).
-2
Let m(d) = -d**3 + 3*d**2 - d + 2. Let n = 176 + -173. Calculate m(n).
-1
Let w(d) = d - 6. Let i be (-6)/(-11) + 108/44. What is w(i)?
-3
Suppose -2*j = -2*w - 7*j - 7, -5*w + 23 = -j. Let c(x) = -x - 4. Let r be c(w). Let q(g) = g**3 + 7*g**2 - 9*g - 7. Determine q(r).
1
Let m(h) = 4*h + h**2 - 13 + 0*h - h + 4*h. Let i be m(-10). Let t(v) = i + 3*v - 20 - 7*v. Calculate t(-2).
5
Let u(o) = 18*o - 2. Suppose 0 = 109*r - 101*r - 8. What is u(r)?
16
Let o(a) = 6*a**3 + a**2 + 5*a + 3. Let i(d) = 5*d**3 + d**2 + 4*d + 2. Let l(r) = 5*i(r) - 4*o(r). Give l(0).
-2
Let h = -11 + 13. Suppose 0 = y + p + 1, -y = 2*p + 3 + 2. Let o(f) = -4*f**3 + 4*f**h + 3*f**y + 5 - 8*f**2. Give o(-4).
5
Let i(q) = -6*q**3 + 2*q**2 - 3*q